 t. Calculate the highest common divisor of b and p.
8
Let j(v) = v + 6. Let f be j(3). Let z(w) = 4*w**2 + 5*w + 3. Let l be z(4). Let u be l + (3/(-3) - -4). Calculate the highest common divisor of u and f.
9
Let t = 350 - 163. Let j be 2/(((-4)/17)/(-2)). Calculate the highest common factor of t and j.
17
Let d(x) = -x**3 - 4*x**2 - 2*x + 2. Let q be d(-4). Let j(p) = -2*p**2 + 22*p. Let v be j(10). What is the greatest common factor of q and v?
10
Let i = 916 - 491. What is the greatest common divisor of 17 and i?
17
Let i be ((-126)/77)/((-2)/22). Suppose -135 = -3*o - 2*o. Calculate the greatest common factor of i and o.
9
Suppose 5*f - 3*o + 2*o = 50, 3*o + 18 = 3*f. Calculate the greatest common factor of f and 880.
11
Suppose -2*s = 55 - 335. Suppose -4*y = -2*y - 40. What is the greatest common divisor of s and y?
20
Let t be (4 - 0 - (-10)/(-2)) + 55. What is the greatest common factor of 954 and t?
18
Let k = 1 - -23. Let g = 12 - 10. Suppose n - 427 = -g*j, 4 + 6 = -2*n. Calculate the highest common factor of k and j.
24
Suppose -378 = -14*o - 13*o. Calculate the highest common factor of o and 98.
14
Let i(c) = 2*c**2 + 3*c - 8. Let o be i(3). Suppose 5*a = 3*n + 11, 5*n = 3*a + 4*n - 9. Suppose 543 = a*g - 65. What is the highest common factor of g and o?
19
Let f(n) = 2*n + n - 2*n**2 + n - 8*n**3 + 4. Let c be f(-3). Calculate the greatest common factor of 38 and c.
38
Let m be 16/(-20)*(-10)/(-4). Let d be (0 + m + 2)/1. Suppose 3*j - 3 = d, 2*h = -0*h + 5*j + 31. What is the greatest common factor of 45 and h?
9
Let s = 841 - 823. Calculate the highest common divisor of s and 45.
9
Let i(g) = -6*g - 22. Let y be i(-4). Let k be ((-8)/10)/(1/(-5)). Calculate the greatest common factor of y and k.
2
Let d(a) = 3*a - 28. Suppose 3*w - 36 = w + 4*k, w - 24 = 5*k. Let g be d(w). Calculate the greatest common factor of g and 35.
7
Suppose 13*q + 2268 = 31*q. Suppose -2*y = -3*y + 18. Calculate the highest common factor of q and y.
18
Let s = -130 + 194. Let j = 286 - 270. What is the highest common divisor of s and j?
16
Suppose 5*l - 2387 = 2*n, -n - 4*n = 5*l - 2380. Calculate the highest common factor of l and 53.
53
Suppose 5*y = 5*l + 2*y - 1650, 0 = -l - 3*y + 348. What is the greatest common factor of l and 45?
9
Let d(k) = -11 - 2*k + 32 + 40 + 4. Let z be d(27). What is the highest common factor of z and 121?
11
Let t be ((-3)/(45/115) + 3)*-3. Calculate the highest common factor of 434 and t.
14
Let j be 4/10 + 184/40. Suppose -b + 5*c + 3 = -10, -3*c + 9 = j*b. Let r be (2 + 9 - 1) + b. Calculate the highest common factor of 104 and r.
13
Suppose -h = -2*b - 195 - 44, -486 = -2*h + 2*b. What is the highest common factor of h and 13?
13
Let w(n) = -7*n + 56. Let j be w(-6). Let f = j - 80. Calculate the greatest common factor of 12 and f.
6
Suppose -5*z - 5*d + d = -1532, d = 3. Calculate the greatest common divisor of 20 and z.
4
Let y be -5 + 0 + (-80)/(-1). Let t = y - -13. What is the highest common divisor of 11 and t?
11
Suppose 5*h - 48 = 32. Let l(m) = -m**2 + 2*m + 3. Let c be l(1). Calculate the highest common divisor of c and h.
4
Let h = -645 - -911. Suppose 3*n = 9, -4*i - 2*n + 150 + 8 = 0. Calculate the highest common factor of i and h.
38
Let y(h) = 4*h**2 - 5*h + 9. Let s be y(3). Let v(p) = -20*p - 15. Let o be v(-3). What is the greatest common divisor of o and s?
15
Let p be (-2)/6 + (-16)/(-3). Let y be (1 - -1) + 0 + 0. Suppose y - 1 = o. Calculate the greatest common divisor of o and p.
1
Let m be 52/6 - (-6)/(-9). Let d be 5*m/10*1. Let c be (d/(-24))/((-2)/12). What is the greatest common factor of 7 and c?
1
Let p be 135/7 - 12/42. Let o = -8 - -11. Let h be (38/4)/(o/30). What is the highest common factor of p and h?
19
Let o(p) = 2*p + 36. Let r be o(-8). Let v = -18 - -18. Let j = v - -8. What is the greatest common divisor of j and r?
4
Suppose 0 = -2*b - 3*m + 28, -3*b = 4*m - 39 - 4. What is the highest common factor of b and 34?
17
Let n(o) = 2*o**2 + 3*o - 5. Let b be n(-4). Let f(k) = k + 20. Let v be f(-12). Let c be (720/27)/((v/18)/2). What is the greatest common divisor of b and c?
15
Let r = 1577 + -1517. What is the highest common divisor of r and 1230?
30
Let l(t) = -2*t + 57. Let z be l(28). Let s be (z/(-5) - 322/(-10)) + -4. Let v be (-35)/2*(-12)/5. Calculate the highest common factor of s and v.
14
Suppose 5 = -2*j + 7. Let c be j/(2 + 87/(-45)). Calculate the greatest common factor of c and 6.
3
Let z = 313 + -282. What is the highest common factor of z and 1?
1
Let l = 43 + -30. Let k(a) = -11*a - 10. Let y(h) = 21*h + 19. Let p(g) = 5*k(g) + 3*y(g). Let n be p(4). What is the greatest common divisor of n and l?
13
Suppose -2*p = -l + 13, 5*l + 4 + 6 = -5*p. Suppose -3*r - 10 = d - 26, 29 = 2*r - l*d. What is the highest common factor of r and 7?
7
Let x = 4 + 0. Suppose -4 + 12 = x*l. Suppose l*d = h + 14, 5*d - 2*h - 45 = 3*h. Calculate the highest common factor of d and 40.
5
Suppose -19*q + 282 = 35. What is the highest common divisor of q and 1313?
13
Let x(k) = -4*k + 10. Let j be x(-6). Let y = j + -25. Suppose 0 = -5*m - 5*t + 225, 0 = -2*m - 3*t + 5 + 85. Calculate the highest common factor of y and m.
9
Suppose -f + 2*q = -26, 7*f = 2*f - q + 152. Calculate the highest common factor of 20 and f.
10
Suppose 0 = -3*t + 35*t - 1376. What is the highest common divisor of 1118 and t?
43
Let x be (-1058)/(-4) + (-1)/(-2). Suppose -11*l + 21*l = 530. What is the highest common divisor of x and l?
53
Let u(r) = -r**2 + 22*r + 84. Let x be u(25). Let v(k) = k - 5. Let i be v(0). Let t = i + x. Calculate the greatest common divisor of t and 4.
4
Suppose 28*u - 2241 - 3247 = 0. What is the greatest common factor of 1470 and u?
98
Suppose -9*f = -2*a - 14*f + 198, -2*a - 3*f + 198 = 0. What is the highest common factor of 44 and a?
11
Let l = 0 + 0. Suppose -9*h + 5*h + 232 = l. Suppose 0*d - 3*d + 78 = 3*v, 2*d - v - h = 0. Calculate the greatest common divisor of d and 14.
14
Suppose z + 5 = 8. Suppose -2*j = 2*u - 50, -2*u = -3*j + 2*j - 56. What is the highest common factor of u and z?
3
Let h(x) = x**2 + 20*x - 57. Suppose 0 = -2*s + 4*g - 70, -1 = -g + 3. Let i be h(s). Calculate the highest common factor of i and 44.
44
Let h = 29 - 18. Suppose -5*c = -6*c + h. What is the highest common divisor of c and 44?
11
Let x(a) = a**3 - 44*a**2 + 4*a - 159. Let m be x(44). Calculate the greatest common divisor of m and 578.
17
Let k be 7*1 + (-23104)/(-38). What is the highest common divisor of k and 82?
41
Suppose 5*l - 3*o = 229, -9*o + 12*o - 167 = -4*l. Calculate the highest common divisor of l and 572.
44
Let a be -1 - (12 + -3)/(-3). Suppose -3*m + 3*t - 7 = a, 4*m - 3*t = -9. Let o be m + (-4 + 1 - -17). Calculate the highest common divisor of 21 and o.
7
Let r be (4/5)/((-2)/(-35)). Let k be (55/(-22))/((1/(-110))/1). Suppose 5*y - 1045 + k = 0. What is the greatest common divisor of y and r?
14
Let t = 6 + -22. Let d = 20 + t. Suppose k = -5*f + 111, -d*f = -0*k - k + 84. What is the highest common divisor of k and 12?
12
Suppose -4*i = -5*y - 94, -3*y + y + 82 = 3*i. Suppose -3*o + 211 = -23. Calculate the greatest common divisor of i and o.
26
Let h(p) = 15*p**2 - 129*p - 19. Let n be h(15). What is the greatest common factor of n and 98?
49
Suppose -n = -2*s - 3*s - 48, -4*n = -2*s - 138. Suppose -a = 2*p + p - 8, 2*a = 3*p - 11. What is the greatest common divisor of n and p?
3
Let y(o) be the third derivative of 0*o - 10*o**2 + 1/8*o**4 + 0 + 1/60*o**5 - 13/6*o**3. Let b be y(-6). Calculate the highest common divisor of 55 and b.
5
Let w be (3/(-6))/(4/160*-1). Calculate the highest common factor of w and 580.
20
Let s = 15 + -5. Suppose z - f = s, 3*f = 6*f + 15. Let b be -52*((-20)/8)/z. What is the highest common factor of 65 and b?
13
Let d(j) = 12*j**2 - 1. Let u be d(-1). Let t be 2156/84*(-3)/(-7). What is the greatest common factor of u and t?
11
Let f = -837 - -877. What is the highest common divisor of 16 and f?
8
Let x be (-1)/((-18)/(-4)) - 19223/(-3681). What is the highest common divisor of x and 135?
5
Suppose 1401 = 21*l - 1287. Calculate the greatest common factor of l and 32.
32
Suppose -3*c - c = 68. Let u = -16 - c. What is the highest co